4 - q**2 + q**3 - 106 + 0*q**3. Let w = 17 - -15. Calculate the remainder when w is divided by s(4).
14
Calculate the remainder when (4 - 2 - 4)/(18/(-234)) is divided by (-4)/(-8) - (-17)/2.
8
Suppose 1231 - 351 = 40*q. What is the remainder when 152 is divided by q?
20
Suppose -11*d - 139 = -128. Let o(l) = 30*l**2 - 31*l - 32. What is the remainder when 490 is divided by o(d)?
26
Let s = 46 - 44. Suppose 0 = 2*z - s, 2*f + z - 29 = -4*z. Calculate the remainder when f is divided by 5.
2
Let q(k) = k**2 + k - 3. Let d be q(-3). Suppose j + d = -v, 8*v = 3*v - 15. Suppose -7*g + 196 = -j*g. Calculate the remainder when g is divided by 11.
6
Let c be 5 - (-1 - 5/((-5)/3)). Suppose -c*f - 2*f = 1100. Calculate the remainder when (1/(-5))/(4/f) is divided by 3.
2
Let m(j) = -20*j - 154. Let l be m(-8). Suppose 8*q - 5*n - 789 = l*q, -2*q = -4*n - 792. What is the remainder when q is divided by 31?
30
Suppose 5950 - 6013 = -7*x. What is the remainder when 44 is divided by x?
8
Let p be -4 - (-1)/((-44)/8 - -5). Let u(i) = -20*i - 47. What is the remainder when u(p) is divided by 25?
23
Suppose 425 + 3179 = 28*w - 1688. What is the remainder when 619 is divided by w?
52
Let v(g) = g**2 - 16*g - 784. Calculate the remainder when 112 is divided by v(-22).
8
Suppose 29*k - 15458 = 33300 - 12102. What is the remainder when k is divided by 106?
98
Suppose 271 = -7*z + 8*z. Let g = -244 + z. Calculate the remainder when 94 is divided by g.
13
Let b = 50 + -62. Let u(j) be the first derivative of -j**3/3 - 11*j**2/2 + 24*j + 5. What is the remainder when 57 is divided by u(b)?
9
Let d(z) = -1049*z - 941. Calculate the remainder when 13715 is divided by d(-1).
107
Let t be -18*(-12)/18 + -4. Suppose 120 = 14*q + t. What is the remainder when 17 is divided by ((-2)/q)/((-162)/40 - -4)?
2
Let g = -4616 - -4661. What is the remainder when 853 is divided by g?
43
Let z(p) = -p**3 + 26*p**2 - p + 41. Let n(i) = -5*i + 50. Let x be n(10). Let q be 0 + x - (-25 + -1)*1. What is the remainder when 28 is divided by z(q)?
13
Suppose -a + 35 = -1. What is the remainder when 35*(a/30 - 1)*25 is divided by 18?
13
Let r(p) be the first derivative of -28*p**2 + 10*p + 159. Suppose 25 + 17 = 2*t. Calculate the remainder when r(-2) is divided by t.
17
Let o(i) = 3106*i**2 + 17*i - 15. Calculate the remainder when o(1) is divided by 17.
14
Let o(y) = -103*y + 3754. What is the remainder when 2616 is divided by o(28)?
6
Let b(t) = 150*t - 756. What is the remainder when b(31) is divided by 52?
46
Calculate the remainder when 896 is divided by (-3156)/(-21) + (-3)/(252/24).
146
Let a = -4125 - -4312. What is the remainder when 1314 is divided by a?
5
Suppose 3*h - 2*h = -3*k + 133, -5*h - 4*k = -687. Suppose 3*l + 576*j - 581*j = -5, -2*j + 24 = l. What is the remainder when h is divided by l?
9
Let p = 1201 + -1127. What is the remainder when 142 is divided by p?
68
Suppose -100*u + 241 = -59. Let z(f) = f**3 - 7*f**2 + 10*f + 8. Calculate the remainder when z(6) is divided by u.
2
Let s(m) = 29*m**2 - 317*m - 973. Calculate the remainder when 726 is divided by s(-3).
9
Let z be (-4 + 3)/((-2)/4). Suppose 5*n + 4*m - 426 = 0, -25 = -z*n + 2*m + 131. Let o(k) = 15*k - 13. What is the remainder when n is divided by o(2)?
14
Let k = -2073 - -2116. Calculate the remainder when 568 is divided by k.
9
Let u = -4877 + 5210. Suppose 0 = 4*l - 0*l - 268. What is the remainder when u is divided by l?
65
Let r = -28 - -96. Suppose -4*p + r = 132. Calculate the remainder when (4/p)/((-4)/368) is divided by 12.
11
Let u = 2944 - 2889. Calculate the remainder when u is divided by 18/45 + 146/10.
10
What is the remainder when 7234 is divided by (18 - (-602)/(-28))*(-36)/7?
16
Let y = -324 - -327. Suppose -8*c = y*c - 935. What is the remainder when c is divided by 34?
17
Let x(l) = -2*l**2 + 7*l - 6. Let m be x(-5). Let t = m + 97. Let q(k) = 5*k**2 - 23*k - 1. What is the remainder when q(t) is divided by 9?
5
Let t be 59 + (-3)/(-1)*-1. Suppose 0 = -15*a + t + 214. What is the remainder when 73 is divided by a?
1
Let w(p) = -p**3 - 25*p**2 + 22*p - 90. Let d be w(-26). Suppose d + 21 = o. What is the remainder when 129 is divided by o?
24
Let z = 6791 - 6187. What is the remainder when z is divided by 124?
108
Suppose -31*m + 2080 + 90 + 2170 = 0. Calculate the remainder when m is divided by 17.
4
Suppose -5*c - 3*w = -2346, -3*c + 1414 = -118*w + 123*w. Calculate the remainder when c is divided by 90.
18
Let l(o) = o**3 - 3*o**2 + 2*o + 15. Calculate the remainder when l(4) is divided by 20.
19
What is the remainder when -22*14/(-588)*6*14*1 is divided by (-1)/(-3) - (-68)/3?
21
Suppose -13*y - 6600 = -5*y. Let w = -433 - y. Calculate the remainder when w is divided by 44.
40
Let j = -439 + 436. What is the remainder when (j/4)/((-18)/12744) is divided by 38?
37
What is the remainder when (-2)/(1/2 + 0) + 193 is divided by 64?
61
Let d be 1/(-9) - 136/72. What is the remainder when ((-1661)/33)/(d - (-10)/6) is divided by 38?
37
Suppose -360 = -51*p + 54*p. Let c = p - -198. What is the remainder when c is divided by 20?
18
Let p = -13 - -16. Suppose -p*t + 8 - 5 = 0. Calculate the remainder when 48 is divided by (16 - 3) + (t - 0).
6
Let n = -16427 - -16472. Let v = 7 + 350. Calculate the remainder when v is divided by n.
42
Suppose 25 = 6*s + 457. Let r = s + 67. Calculate the remainder when 57 is divided by 328/11 + r*2/(-55).
27
Suppose 3*m + 41*h - 38*h - 585 = 0, -4*h = 36. What is the remainder when 1809 is divided by m?
177
Suppose 14*k - 4 = 66. Suppose 3*f - 134 = k*g, 4*g - 7*g + 26 = f. What is the remainder when f is divided by 15?
8
Suppose 0 = -f - d + 1506, -4*d + 3693 = 5*f - 3838. Calculate the remainder when f is divided by 52.
51
Let s be -2 + 1 - (-1 - -557)/(-2). Let q = -145 + s. Let m = -78 + q. Calculate the remainder when m is divided by 21.
12
Let x(i) = 24*i + 8336. Calculate the remainder when x(-132) is divided by 5.
3
Suppose -1382*n + 1327*n = -21010. Calculate the remainder when n is divided by 11.
8
Let g(q) = -q**2 - 10*q - 16. Let f be g(-8). Suppose 2*l + 792 - 834 = f. Let a = -1 + 9. Calculate the remainder when l is divided by a.
5
Let n = 20830 - 17992. What is the remainder when n is divided by 12?
6
Suppose 15*i = 10*i + 340. Let t = 120 - i. Let x = 2 + t. What is the remainder when x is divided by 28?
26
Let h(a) = a**3 + 11*a**2 + 24*a + 9. Suppose 3*y = 8*y. Suppose y = j + 7*j - 80. What is the remainder when h(-7) is divided by j?
7
Suppose -40 = -45*o + 5*o. What is the remainder when (2/5)/(o/620) is divided by 83?
82
Suppose -4*t = i + 13, -4*i + 1 = -5*i - t. Suppose s = h + 91, 2*s + i*h - 176 = -h. Calculate the remainder when s is divided by 36/(-48) + 190/8.
21
Suppose -15 = -3*y, -11*s + 7*s = 4*y - 168. Calculate the remainder when 124 is divided by s.
13
Let b(c) = c - 8. Let h be b(9). Let s(y) = 4*y**2 - 2*y + 3. What is the remainder when h*(715/10 + 10/(-4)) is divided by s(2)?
9
Suppose -34*m + 65 = -21*m. Suppose o = -x - x + 79, 5*x = o + 194. Calculate the remainder when 2/(1 - 33/x) is divided by m.
3
Let i = 5 - -56. Let t = 93 - i. Suppose f - t - 2 = 0. Calculate the remainder when f is divided by 12.
10
Let x(s) = -8*s**3 + 3*s + 25. Let j = 439 + -443. What is the remainder when x(j) is divided by 44?
41
Suppose h = 2*v + 254, -4*h + 1064 = -29*v + 33*v. Calculate the remainder when 270 is divided by h.
8
Suppose -3*z = -0*z - 2*d - 65, -5*d = -4*z + 82. Let x = 74 + 261. Suppose 0 = 6*h - h - x. What is the remainder when h is divided by z?
21
Suppose 324*d - 744 = 312*d. Calculate the remainder when 457 is divided by d.
23
Let q(l) = -1828*l - 23. Let a be q(-4). Let c = 10249 - a. Calculate the remainder when c/(-32)*(-4)/10 is divided by 19.
18
Let k(g) = -3*g**3 + 85*g**2 + 61*g - 76. Calculate the remainder when 23 is divided by k(29).
1
Suppose 0 = -593*n + 153982 - 302000 + 1790035. Calculate the remainder when n is divided by 163.
161
Let p = -443 + 500. Calculate the remainder when 276 is divided by p.
48
Suppose -5*r = -363 - 262. Suppose -9*l = 166 - 328. What is the remainder when r is divided by l?
17
Let o(m) = -m**3 + 23*m**2 - 23*m + 23. Let b be o(22). Let j be 3/(b*(-2)/(-44)*1). Suppose v